723467 is divided by 430.
377
What is the remainder when 332204 is divided by 1457?
8
Calculate the remainder when 346233 is divided by 351.
147
What is the remainder when 10988248 is divided by 5494105?
38
What is the remainder when 53873869 is divided by 1031?
1026
Calculate the remainder when 7344803 is divided by 3.
2
Calculate the remainder when 29680 is divided by 1196.
976
Calculate the remainder when 473246 is divided by 1090.
186
What is the remainder when 22219277 is divided by 22219276?
1
Calculate the remainder when 1970092 is divided by 70360.
12
Calculate the remainder when 14483579 is divided by 965571.
14
What is the remainder when 10823500 is divided by 789?
787
Calculate the remainder when 105911 is divided by 13108.
1047
Calculate the remainder when 3308089 is divided by 183.
181
What is the remainder when 623102 is divided by 1058?
998
Calculate the remainder when 47078 is divided by 5112.
1070
What is the remainder when 47489 is divided by 2961?
113
Calculate the remainder when 10283037 is divided by 20.
17
Calculate the remainder when 16520444 is divided by 16520425.
19
What is the remainder when 183987 is divided by 45965?
127
Calculate the remainder when 301487 is divided by 33497.
14
Calculate the remainder when 39067320 is divided by 147.
12
What is the remainder when 466855 is divided by 782?
1
Calculate the remainder when 614032 is divided by 5780.
1352
What is the remainder when 1120513 is divided by 355?
133
Calculate the remainder when 13213 is divided by 340.
293
What is the remainder when 667299 is divided by 3949?
3867
Calculate the remainder when 1242884 is divided by 1242867.
17
What is the remainder when 14605524 is divided by 5?
4
Calculate the remainder when 27605 is divided by 3877.
466
What is the remainder when 548946 is divided by 236?
10
Calculate the remainder when 883273 is divided by 4.
1
What is the remainder when 161045249 is divided by 369?
365
What is the remainder when 9295926 is divided by 101?
88
What is the remainder when 1010929 is divided by 28044?
1345
What is the remainder when 128192 is divided by 21027?
2030
What is the remainder when 799243 is divided by 1362?
1111
Calculate the remainder when 226611 is divided by 9850.
61
What is the remainder when 16575067 is divided by 40926?
37
Calculate the remainder when 150314 is divided by 49939.
497
What is the remainder when 8409 is divided by 8048?
361
What is the remainder when 13734134 is divided by 392?
22
Calculate the remainder when 483898 is divided by 69112.
114
What is the remainder when 10425 is divided by 10413?
12
Calculate the remainder when 57077983 is divided by 1902599.
13
Calculate the remainder when 1650516 is divided by 412582.
188
What is the remainder when 1559261 is divided by 55?
11
Calculate the remainder when 6163434 is divided by 57602.
20
What is the remainder when 10964803 is divided by 3654931?
10
Calculate the remainder when 1355333 is divided by 739.
7
What is the remainder when 74222 is divided by 1276?
214
What is the remainder when 320837439 is divided by 44?
43
Calculate the remainder when 5435461 is divided by 122.
117
What is the remainder when 9840454 is divided by 28?
22
Calculate the remainder when 33467 is divided by 2092.
2087
What is the remainder when 198102 is divided by 604?
594
What is the remainder when 1213755879 is divided by 10874?
10873
Calculate the remainder when 293807989 is divided by 51.
49
Calculate the remainder when 361474 is divided by 764.
102
Calculate the remainder when 40757 is divided by 10148.
165
What is the remainder when 2546358 is divided by 245?
73
What is the remainder when 284689 is divided by 283?
274
What is the remainder when 2251769 is divided by 158?
111
What is the remainder when 1300379 is divided by 79?
39
Calculate the remainder when 927662 is divided by 29.
10
Calculate the remainder when 242724 is divided by 48536.
44
What is the remainder when 62523876 is divided by 33?
30
Calculate the remainder when 4409633 is divided by 32187.
14
Calculate the remainder when 436227 is divided by 9.
6
Calculate the remainder when 280350 is divided by 92384.
3198
What is the remainder when 880454 is divided by 1808?
1766
Calculate the remainder when 322969126 is divided by 1524.
1522
Calculate the remainder when 6646160 is divided by 2215383.
11
Calculate the remainder when 13756 is divided by 491.
8
Calculate the remainder when 91712 is divided by 2704.
2480
Calculate the remainder when 20904682 is divided by 206977.
5
What is the remainder when 11647864 is divided by 1455980?
24
What is the remainder when 454401 is divided by 19?
16
What is the remainder when 199981 is divided by 66345?
946
What is the remainder when 23032211 is divided by 140?
111
Calculate the remainder when 40249777 is divided by 737.
733
Calculate the remainder when 2142534 is divided by 95.
94
What is the remainder when 6658596 is divided by 3940?
3936
Calculate the remainder when 43021 is divided by 10608.
589
Calculate the remainder when 167712 is divided by 57.
18
Calculate the remainder when 10470382 is divided by 995.
992
What is the remainder when 2090561 is divided by 48?
17
What is the remainder when 3989528 is divided by 18?
8
What is the remainder when 2827506 is divided by 942458?
132
Calculate the remainder when 999747 is divided by 537.
390
What is the remainder when 77569359 is divided by 14969?
1
Calculate the remainder when 57636 is divided by 27073.
3490
What is the remainder when 20000903 is divided by 10000442?
19
Calculate the remainder when 328756 is divided by 327870.
886
Calculate the remainder when 10179021 is divided by 508951.
1
What is the remainder when 7491741 is divided by 3225?
66
Calculate the remainder when 195225 is divided by 664.
9
What is the remainder when 705040 is divided by 140937?
355
What is the remainder when 1652556 is divided by 550850?
6
Calculate the remainder when 17863929 is divided by 149.
21
Calculate the remainder when 1230600 is divided by 1604.
332
What is the remainder when 825412 is divided by 206280?
292
Calculate the remainder when 127220565 is divided by 3979.
3977
Calculate the remainder when 13066367 is divided by 20.
7
Calculate the remainder when 23020955 is divided by 823.
822
Calculate the remainder when 1658122 is divided by 144.
106
Calculate the remainder when 574882 is divided by 2017.
37
What is the remainder when 385372 is divided by 462?
64
Calculate the remainder when 2422633 is divided by 80752.
73
What is the remainder when 4222714 is divided by 1407568?
10
What is the remainder when 223559 is divided by 130?
89
Calculate the remainder when 52451 is divided by 6496.
483
What is the remainder when 1834710 is divided by 14222?
72
What is the remainder when 1326686 is divided by 2183?
1605
Calculate the remainder when 2297757 is divided by 81.
30
Calculate the remainder when 2089405 is divided by 726.
703
Calculate the remainder when 10223526 is divided by 82.
12
What is the remainder when 22979132 is divided by 422?
388
Calculate the remainder when 357855 is divided by 10525.
5
What is the remainder when 11221969 is divided by 30?
19
Calculate the remainder when 6117999 is divided by 3058997.
5
What is the remainder when 154073 is divided by 1347?
515
Calculate the remainder when 139318 is divided by 31889.
11762
Calculate the remainder when 728460 is divided by 296.
4
Calculate the remainder when 5771336 is divided by 83.
14
What is the remainder when 12235653 is divided by 2166?
2085
What is the remainder when 44131809 is divided by 109?
107
Calculate the remainder when 68378 is divided by 410.
318
Calculate the remainder when 296878 is divided by 296451.
427
What is the remainder when 130918 is divided by 130721?
197
What is the remainder when 249486 is divided by 81959?
3609
Calculate the remainder when 2537082 is divided by 91.
2
Calculate the remainder when 47845774 is divided by 2658097.
28
What is the remainder when 411660 is divided by 41148?
180
Calculate the remainder when 7371031 is divided by 737102.
11
Calculate the remainder when 305758 is divided by 6613.
1560
What is the remainder when 1294784 is divided by 14882?
50
What is the remainder when 1494511 is divided by 16?
15
Calculate the remainder when 24